t the prime factors of 12214.
2, 31, 197
List the prime factors of 954.
2, 3, 53
What are the prime factors of 3603?
3, 1201
List the prime factors of 3899.
7, 557
List the prime factors of 10669.
47, 227
List the prime factors of 124453.
7, 23, 773
What are the prime factors of 4231?
4231
List the prime factors of 17599.
17599
What are the prime factors of 1515?
3, 5, 101
What are the prime factors of 12106?
2, 6053
List the prime factors of 22113.
3, 7, 13
What are the prime factors of 51190?
2, 5, 5119
What are the prime factors of 18337?
11, 1667
List the prime factors of 6003.
3, 23, 29
List the prime factors of 3966.
2, 3, 661
List the prime factors of 98.
2, 7
List the prime factors of 3945.
3, 5, 263
List the prime factors of 57.
3, 19
List the prime factors of 50921.
13, 3917
List the prime factors of 14749.
7, 43
What are the prime factors of 280?
2, 5, 7
List the prime factors of 6912.
2, 3
List the prime factors of 1096.
2, 137
List the prime factors of 21847.
7, 3121
What are the prime factors of 11524?
2, 43, 67
List the prime factors of 10819.
31, 349
What are the prime factors of 55951?
7, 7993
List the prime factors of 8289.
3, 307
List the prime factors of 22659.
3, 7, 13, 83
List the prime factors of 246.
2, 3, 41
What are the prime factors of 3195?
3, 5, 71
List the prime factors of 5115.
3, 5, 11, 31
List the prime factors of 3251.
3251
What are the prime factors of 5686?
2, 2843
List the prime factors of 453.
3, 151
What are the prime factors of 1200?
2, 3, 5
List the prime factors of 16912.
2, 7, 151
List the prime factors of 7469.
7, 11, 97
What are the prime factors of 124691?
7, 47, 379
List the prime factors of 5834.
2, 2917
What are the prime factors of 5410?
2, 5, 541
What are the prime factors of 9591?
3, 23, 139
What are the prime factors of 3251?
3251
List the prime factors of 33886.
2, 16943
List the prime factors of 57202.
2, 37, 773
List the prime factors of 1554.
2, 3, 7, 37
List the prime factors of 1094.
2, 547
What are the prime factors of 21?
3, 7
List the prime factors of 10834.
2, 5417
What are the prime factors of 5269?
11, 479
List the prime factors of 315.
3, 5, 7
List the prime factors of 20734.
2, 7, 1481
What are the prime factors of 5068?
2, 7, 181
List the prime factors of 24531.
3, 13, 17, 37
List the prime factors of 1629.
3, 181
List the prime factors of 256.
2
List the prime factors of 6029.
6029
What are the prime factors of 1268?
2, 317
List the prime factors of 20.
2, 5
What are the prime factors of 609?
3, 7, 29
List the prime factors of 505.
5, 101
What are the prime factors of 7653?
3, 2551
List the prime factors of 5614.
2, 7, 401
List the prime factors of 4832.
2, 151
What are the prime factors of 1737?
3, 193
List the prime factors of 5279.
5279
List the prime factors of 18076.
2, 4519
What are the prime factors of 2297?
2297
What are the prime factors of 4688?
2, 293
What are the prime factors of 940?
2, 5, 47
What are the prime factors of 4293?
3, 53
List the prime factors of 8756.
2, 11, 199
What are the prime factors of 137?
137
What are the prime factors of 24097?
24097
List the prime factors of 39192.
2, 3, 23, 71
List the prime factors of 33602.
2, 53, 317
What are the prime factors of 628?
2, 157
What are the prime factors of 2810?
2, 5, 281
List the prime factors of 41980.
2, 5, 2099
List the prime factors of 55233.
3, 17, 19
List the prime factors of 150315.
3, 5, 11, 911
What are the prime factors of 30106?
2, 15053
List the prime factors of 650.
2, 5, 13
What are the prime factors of 1487?
1487
What are the prime factors of 4722?
2, 3, 787
What are the prime factors of 27364?
2, 6841
What are the prime factors of 12471?
3, 4157
What are the prime factors of 3115?
5, 7, 89
List the prime factors of 1018.
2, 509
List the prime factors of 24049.
24049
List the prime factors of 4113.
3, 457
What are the prime factors of 10128?
2, 3, 211
What are the prime factors of 1319?
1319
List the prime factors of 28736.
2, 449
What are the prime factors of 50210?
2, 5, 5021
List the prime factors of 90338.
2, 17, 2657
List the prime factors of 96289.
96289
List the prime factors of 23281.
31, 751
What are the prime factors of 5195?
5, 1039
List the prime factors of 480.
2, 3, 5
What are the prime factors of 47267?
11, 4297
List the prime factors of 3426.
2, 3, 571
What are the prime factors of 12150?
2, 3, 5
What are the prime factors of 77321?
167, 463
List the prime factors of 1032.
2, 3, 43
What are the prime factors of 50436?
2, 3, 467
What are the prime factors of 562?
2, 281
What are the prime factors of 7363?
37, 199
What are the prime factors of 46240?
2, 5, 17
What are the prime factors of 17042?
2, 8521
What are the prime factors of 1413?
3, 157
What are the prime factors of 14706?
2, 3, 19, 43
List the prime factors of 60891.
3, 20297
List the prime factors of 3128.
2, 17, 23
What are the prime factors of 4785?
3, 5, 11, 29
List the prime factors of 24577.
7, 3511
List the prime factors of 3996.
2, 3, 37
List the prime factors of 14905.
5, 11, 271
List the prime factors of 5890.
2, 5, 19, 31
List the prime factors of 779.
19, 41
List the prime factors of 1951.
1951
List the prime factors of 8973.
3, 997
What are the prime factors of 6890?
2, 5, 13, 53
List the prime factors of 16549.
13, 19, 67
What are the prime factors of 9500?
2, 5, 19
What are the prime factors of 17820?
2, 3, 5, 11
List the prime factors of 6870.
2, 3, 5, 229
List the prime factors of 18764.
2, 4691
What are the prime factors of 6407?
43, 149
List the prime factors of 304.
2, 19
What are the prime factors of 3639?
3, 1213
What are the prime factors of 1706?
2, 853
List the prime factors of 16068.
2, 3, 13, 103
What are the prime factors of 15422?
2, 11, 701
List the prime factors of 39.
3, 13
What are the prime factors of 6014?
2, 31, 97
List the prime factors of 182.
2, 7, 13
What are the prime factors of 63564?
2, 3, 5297
What are the prime factors of 3815?
5, 7, 109
What are the prime factors of 3500?
2, 5, 7
List the prime factors of 674.
2, 337
List the prime factors of 87474.
2, 3, 61, 239
List the prime factors of 67810.
2, 5, 6781
What are the prime factors of 37781?
37781
What are the prime factors of 1767?
3, 19, 31
List the prime factors of 6413.
11, 53
List the prime factors of 141145.
5, 28229
List the prime factors of 1086.
2, 3, 181
What are the prime factors of 1613?
1613
What are the prime factors of 1543?
1543
What are the prime factors of 2703?
3, 17, 53
What are the prime factors of 89874?
2, 3, 4993
List the prime factors of 6715.
5, 17, 79
List the prime factors of 8250.
2, 3, 5, 11
What are the prime factors of 56971?
23, 2477
List the prime factors of 73.
73
List the prime factors of 3943.
3943
List the prime factors of 2828.
2, 7, 101
List the prime factors of 761.
761
List the prime factors of 3468.
2, 3, 17
What are the prime factors of 2454?
2, 3, 409
What are the prime factors of 4645?
5, 929
List the prime factors of 4825.
5, 193
What are the prime factors of 14777?
7, 2111
List the prime factors of 359.
359
List the prime factors of 22545.
3, 5, 167
List the prime factors of 5248.
2, 41
What are the prime factors of 44933?
7, 131
What are the prime factors of 125050?
2, 5, 41, 61
List the prime factors of 48955.
5, 9791
What are the prime factors of 77019?
3, 25673
List the prime factors of 21713.
21713
List the prime factors of 629.
17, 37
List the prime factors of 17296.
2, 23, 47
What are the prime factors of 12726?
2, 3, 7, 101
List the prime factors of 7136.
2, 223
What are the prime factors of 15680?
2, 5, 7
List the prime factors of 9343.
9343
List the prime factors of 4513.
4513
What are the prime factors of 30311?
17, 1783
List the prime factors of 75134.
2, 37567
List the prime factors of 883.
883
What are the prime factors of 133089?
3, 11, 37, 109
List the prime factors of 1126.
2, 563
What are the prime factors of 1062?
2, 3, 59
What are the prime factors of 1255?
5, 251
List the prime factors of 4503.
3, 19, 79
What are the prime factors of 862?
2, 431
List the prime factors of 2503.
2503
List the prime factors of 1240.
2, 5, 31
List the prime factors of 5981.
5981
What are the prime factors of 5301?
3, 19, 31
List the prime factors of 6086.
2, 17, 179
